{"id":18,"date":"2009-03-02T21:36:47","date_gmt":"2009-03-02T21:36:47","guid":{"rendered":"http:\/\/ugurcavusoglu.com\/yeni\/?page_id=18"},"modified":"2018-06-26T19:23:09","modified_gmt":"2018-06-26T19:23:09","slug":"kimdir","status":"publish","type":"page","link":"https:\/\/ugurcavusoglu.com\/yeni\/?page_id=18","title":{"rendered":"Kimdir?"},"content":{"rendered":"<p>1967 y\u0131l\u0131nda do\u011fan U\u011fur \u00c7avu\u015fo\u011flu, Bilkent \u00dcniversitesi M\u00fczik ve Sahne Sanatlar\u0131 Fak\u00fcltesi Tiyatro b\u00f6l\u00fcm\u00fc mezunudur.<\/p>\n<p>Her \u015eey G\u00fczel Olacak, Cebimde \u00c7ok K\u00fc\u00e7\u00fck Elma Var, Yal\u0131, Kopgel Taksi, Sahte D\u00fcnyalar, Sihirli Ceket, Yaban, 80. Ad\u0131m, K\u0131\u015f \u00c7i\u00e7e\u011fi, S\u0131cak Saatler, Ate\u015f Dans\u0131, Kara Kentin \u00c7ocuklar\u0131, Devlerin A\u015fk\u0131, Beni Unutma, Bir Dilim A\u015fk, Ate\u015fli Topraklar, Yersiz Yurtsuz, Hayat T\u00fcrk\u00fcs\u00fc, Unutma Beni, D\u00fcr\u00fcye\u2019nin G\u00fc\u011f\u00fcmleri ve Osmanl\u0131 Tokad\u0131 gibi sinema ve TV projelerinde yer alm\u0131\u015ft\u0131r.<\/p>\n<p>Van Devlet Tiyatrosunda da g\u00f6rev yapan U\u011fur \u00c7avu\u015fo\u011flu&#8217;nun\u00a0rol ald\u0131\u011f\u0131 oyunlar\u00a0aras\u0131nda Rosa Luxembourg, Benerci Kendini Ni\u00e7in \u00d6ld\u00fcrd\u00fc, Londra Caddesi, Ate\u015fli Sab\u0131r, Palto, Bir Ceza Avukat\u0131n\u0131n An\u0131lar\u0131, Taziye, H\u00fczn\u00fcn Co\u015fkusu, Azizname, Misafir, Romeo ve Juliet, Rembetiko, Fosforlu Cevriye, Gizler \u00c7ar\u015f\u0131s\u0131 ve Euridice&#8217;nin Elleri yer almaktad\u0131r.<\/p>\n<p>U\u011fur \u00c7avu\u015fo\u011flu&#8217;nun \u015fu an bask\u0131s\u0131 maalesef olmayan &#8220;Kad\u0131n!\u015eah!&#8221; isimli bir de \u015fiir kitab\u0131 vard\u0131r. Sanat\u00e7\u0131 ayr\u0131ca \u00c7ASOD En \u0130yi Oyuncu &#8220;Mansiyon&#8221; \u00f6d\u00fcl\u00fcne sahiptir.<\/p>\n","protected":false},"excerpt":{"rendered":"<p>1967 y\u0131l\u0131nda do\u011fan U\u011fur \u00c7avu\u015fo\u011flu, Bilkent \u00dcniversitesi M\u00fczik ve Sahne Sanatlar\u0131 Fak\u00fcltesi Tiyatro b\u00f6l\u00fcm\u00fc mezunudur. Her \u015eey G\u00fczel Olacak, Cebimde \u00c7ok K\u00fc\u00e7\u00fck Elma Var, Yal\u0131, Kopgel Taksi, Sahte D\u00fcnyalar, Sihirli Ceket, Yaban, 80. Ad\u0131m, K\u0131\u015f \u00c7i\u00e7e\u011fi, S\u0131cak Saatler, Ate\u015f Dans\u0131, Kara Kentin \u00c7ocuklar\u0131, Devlerin A\u015fk\u0131, Beni Unutma, Bir Dilim A\u015fk, Ate\u015fli Topraklar, Yersiz Yurtsuz, Hayat T\u00fcrk\u00fcs\u00fc, Unutma Beni, D\u00fcr\u00fcye\u2019nin G\u00fc\u011f\u00fcmleri<\/p>\n","protected":false},"author":1,"featured_media":5,"parent":0,"menu_order":0,"comment_status":"closed","ping_status":"closed","template":"","meta":[],"_links":{"self":[{"href":"https:\/\/ugurcavusoglu.com\/yeni\/index.php?rest_route=\/wp\/v2\/pages\/18"}],"collection":[{"href":"https:\/\/ugurcavusoglu.com\/yeni\/index.php?rest_route=\/wp\/v2\/pages"}],"about":[{"href":"https:\/\/ugurcavusoglu.com\/yeni\/index.php?rest_route=\/wp\/v2\/types\/page"}],"author":[{"embeddable":true,"href":"https:\/\/ugurcavusoglu.com\/yeni\/index.php?rest_route=\/wp\/v2\/users\/1"}],"replies":[{"embeddable":true,"href":"https:\/\/ugurcavusoglu.com\/yeni\/index.php?rest_route=%2Fwp%2Fv2%2Fcomments&post=18"}],"version-history":[{"count":5,"href":"https:\/\/ugurcavusoglu.com\/yeni\/index.php?rest_route=\/wp\/v2\/pages\/18\/revisions"}],"predecessor-version":[{"id":153,"href":"https:\/\/ugurcavusoglu.com\/yeni\/index.php?rest_route=\/wp\/v2\/pages\/18\/revisions\/153"}],"wp:featuredmedia":[{"embeddable":true,"href":"https:\/\/ugurcavusoglu.com\/yeni\/index.php?rest_route=\/wp\/v2\/media\/5"}],"wp:attachment":[{"href":"https:\/\/ugurcavusoglu.com\/yeni\/index.php?rest_route=%2Fwp%2Fv2%2Fmedia&parent=18"}],"curies":[{"name":"wp","href":"https:\/\/api.w.org\/{rel}","templated":true}]}}